{"id":26,"date":"2025-05-21T20:25:32","date_gmt":"2025-05-21T20:25:32","guid":{"rendered":"https:\/\/missecochile.cl\/?page_id=26"},"modified":"2025-05-22T00:23:24","modified_gmt":"2025-05-22T00:23:24","slug":"certamen","status":"publish","type":"page","link":"https:\/\/missecochile.cl\/index.php\/certamen\/","title":{"rendered":"Acerca de"},"content":{"rendered":"<p class=\"has-x-large-font-size\"><strong>Miss Eco Chile y Miss Eco Internationtal<\/strong><\/p><figure class=\"wp-block-video\"><video autoplay muted src=\"https:\/\/missecointernational.com\/wp-content\/uploads\/2024\/05\/header.mp4\"><\/video><\/figure><p class=\"has-large-font-size\"><strong>Miss Eco International<\/strong><\/p><p>Miss Eco International, fundada por la Dra. Amaal Rezk y con sede en Egipto , es el certamen m\u00e1s grande de Medio Oriente y ocupa el s\u00e9ptimo lugar a nivel mundial, con un enfoque en la promoci\u00f3n del ecoturismo y la sostenibilidad alineados con los Objetivos de Desarrollo Sostenible de las Naciones Unidas para 2030.<\/p><p>Fundada en 2015 bajo la iniciativa Cuidemos el planeta de la ONU y posteriormente en colaboraci\u00f3n con IIMSAM, el certamen promueve causas humanitarias a trav\u00e9s de un mecanismo impulsado por los medios de comunicaci\u00f3n, que abarca 65 pa\u00edses bajo el tema \u201cBelleza con un prop\u00f3sito\u201d<\/p><p><\/p><hr class=\"wp-block-separator has-alpha-channel-opacity\"\/><div class=\"wp-block-columns is-layout-flex wp-container-core-columns-is-layout-28f84493 wp-block-columns-is-layout-flex\"><div class=\"wp-block-column is-layout-flow wp-block-column-is-layout-flow\"><figure class=\"wp-block-image size-full\"><img loading=\"lazy\" decoding=\"async\" width=\"958\" height=\"960\" src=\"https:\/\/missecochile.cl\/wp-content\/uploads\/2025\/05\/Dra.-Amaal-Rezk.webp\" alt=\"\" class=\"wp-image-91\" srcset=\"https:\/\/missecochile.cl\/wp-content\/uploads\/2025\/05\/Dra.-Amaal-Rezk.webp 958w, https:\/\/missecochile.cl\/wp-content\/uploads\/2025\/05\/Dra.-Amaal-Rezk-300x300.webp 300w, https:\/\/missecochile.cl\/wp-content\/uploads\/2025\/05\/Dra.-Amaal-Rezk-150x150.webp 150w, https:\/\/missecochile.cl\/wp-content\/uploads\/2025\/05\/Dra.-Amaal-Rezk-768x770.webp 768w\" sizes=\"auto, (max-width: 958px) 100vw, 958px\" \/><\/figure><\/div>\n\n<div class=\"wp-block-column is-layout-flow wp-block-column-is-layout-flow\"><p style=\"font-size:clamp(0.875rem, 0.875rem + ((1vw - 0.2rem) * 0.196), 1rem);\">Dra. Amaal Rezk<br>Presidente de Eco International Pageants<\/p>\n\n<p class=\"has-small-font-size\">La Dra. Amaal Rezk es una destacada l\u00edder internacional, fundadora y presidenta de Miss Eco International, un certamen reconocido mundialmente por promover la conciencia ambiental y el empoderamiento femenino. Bajo su direcci\u00f3n, esta plataforma ha logrado unir culturas y alzar voces en favor de la sostenibilidad a nivel global.<\/p><\/div><\/div><p><\/p><hr class=\"wp-block-separator has-alpha-channel-opacity\"\/><p><\/p><p class=\"has-x-large-font-size\"><strong>Miss Eco Chile<\/strong><\/p><p><\/p><div class=\"wp-block-columns is-layout-flex wp-container-core-columns-is-layout-28f84493 wp-block-columns-is-layout-flex\"><div class=\"wp-block-column is-layout-flow wp-block-column-is-layout-flow\"><p>Miss Eco International, llega a Chile, bajo la representaci\u00f3n oficial de Mrs. Juan Carlos Hern\u00e1ndez Cornejo y su productora Emerald Producciones y asociados.<\/p>\n\n<p>Por lo cual, Miss Eco International aterriza en Chile con una visi\u00f3n renovadora: transformar el concepto tradicional de los concursos de belleza para convertirlos en una plataforma de impacto social y ambiental.<\/p>\n\n<p><\/p><\/div>\n\n<div class=\"wp-block-column is-layout-flow wp-block-column-is-layout-flow\"><figure class=\"wp-block-image size-full is-resized\"><img loading=\"lazy\" decoding=\"async\" width=\"214\" height=\"296\" src=\"https:\/\/missecochile.cl\/wp-content\/uploads\/2025\/05\/Captura-de-pantalla-2025-05-21-a-las-19.44.28.png\" alt=\"\" class=\"wp-image-98\" style=\"width:298px;height:auto\"\/><\/figure><\/div><\/div><p><\/p><blockquote class=\"wp-block-quote is-layout-flow wp-block-quote-is-layout-flow\"><p><em>Miss Eco International no es solo un certamen, sino un movimiento global que combina elegancia, conciencia y acci\u00f3n. Su misi\u00f3n es empoderar a mujeres de todo el mundo para que se conviertan en l\u00edderes y voceras del cambio sostenible, promoviendo la protecci\u00f3n del medio ambiente, la cultura y la responsabilidad social.<\/em><\/p><\/blockquote><p><\/p><p><\/p><p>A trav\u00e9s de esta propuesta, Chile no solo se suma a un evento de prestigio internacional, sino que da un paso adelante al ofrecer una alternativa con verdadero prop\u00f3sito: destacar a mujeres que representen m\u00e1s que belleza f\u00edsica, mujeres con causa, con voz y con compromiso real por el planeta.<\/p><p>Miss Eco Chile buscar\u00e1 embajadoras con liderazgo, conciencia ecol\u00f3gica y un fuerte sentido de impacto social, abriendo un nuevo cap\u00edtulo en la historia de los cert\u00e1menes en el pa\u00eds.<\/p><p><\/p><p><\/p><p><\/p><p><\/p><p><\/p><p><\/p><p><\/p><p><\/p><p><\/p><p><\/p><p><\/p>","protected":false},"excerpt":{"rendered":"<p>Miss Eco Chile y Miss Eco Internationtal Miss Eco International Miss Eco International, fundada por la Dra. Amaal Rezk y con sede en Egipto , es el certamen m\u00e1s grande de Medio Oriente y ocupa el s\u00e9ptimo lugar a nivel mundial, con un enfoque en la promoci\u00f3n del ecoturismo y la sostenibilidad alineados con los [&hellip;]<\/p>\n","protected":false},"author":1,"featured_media":0,"parent":0,"menu_order":0,"comment_status":"closed","ping_status":"closed","template":"","meta":{"footnotes":""},"class_list":["post-26","page","type-page","status-publish","hentry"],"jetpack_sharing_enabled":true,"_links":{"self":[{"href":"https:\/\/missecochile.cl\/index.php\/wp-json\/wp\/v2\/pages\/26","targetHints":{"allow":["GET"]}}],"collection":[{"href":"https:\/\/missecochile.cl\/index.php\/wp-json\/wp\/v2\/pages"}],"about":[{"href":"https:\/\/missecochile.cl\/index.php\/wp-json\/wp\/v2\/types\/page"}],"author":[{"embeddable":true,"href":"https:\/\/missecochile.cl\/index.php\/wp-json\/wp\/v2\/users\/1"}],"replies":[{"embeddable":true,"href":"https:\/\/missecochile.cl\/index.php\/wp-json\/wp\/v2\/comments?post=26"}],"version-history":[{"count":7,"href":"https:\/\/missecochile.cl\/index.php\/wp-json\/wp\/v2\/pages\/26\/revisions"}],"predecessor-version":[{"id":120,"href":"https:\/\/missecochile.cl\/index.php\/wp-json\/wp\/v2\/pages\/26\/revisions\/120"}],"wp:attachment":[{"href":"https:\/\/missecochile.cl\/index.php\/wp-json\/wp\/v2\/media?parent=26"}],"curies":[{"name":"wp","href":"https:\/\/api.w.org\/{rel}","templated":true}]}}